rd derivative of d**5/30 + 26309*d**3/6 + 127*d**2. Is r(0) a composite number?
False
Suppose -537*t - 2631904 = -569*t. Is t composite?
True
Let w = 355 - 1181. Let p = 2327 + w. Is p prime?
False
Let a(m) be the third derivative of 53*m**4/3 - 3*m**3/2 + m**2. Suppose 21*o + 36720 - 36762 = 0. Is a(o) prime?
True
Suppose 6*g - 39 = -21. Suppose 2*i + 3*i - 2*k = 7374, g*i = -3*k + 4416. Let y = i - 519. Is y composite?
True
Suppose -4*b - 5*i = -171717, 20*i - 85861 = -2*b + 17*i. Is b composite?
False
Let q = -3 + 17. Suppose i + 2*m = 17, -i - 5*m - 23 = -55. Suppose -i*y = -q*y + 3633. Is y prime?
False
Let v(w) = -32105*w - 1142. Is v(-5) composite?
True
Let i(k) = 17*k**3 + 33*k**2 - 26*k + 125. Is i(23) prime?
True
Let r(p) be the third derivative of -29/6*p**3 + 7/6*p**4 + 31*p**2 + 0*p + 0. Is r(5) a composite number?
True
Let r(g) = -353*g - 53. Let t be r(-21). Is t/15 + (-4)/(-12) composite?
False
Let n(r) = 1298*r**3 - 9*r**2 + 8*r - 8. Is n(3) composite?
False
Suppose -41*h = -29*h - 816. Suppose w = -18 - 67. Is h/w + 1889/5 composite?
True
Let k(t) = -2137*t**3 - 4*t**2 + 137*t + 1255. Is k(-8) a prime number?
True
Let x(v) = 157*v + 10. Let t(h) = -51*h - 4. Let s(y) = 8*t(y) + 3*x(y). Suppose -4*q + 0*q + 32 = 0. Is s(q) a composite number?
True
Suppose 3*w = 70*p - 71*p + 394681, -5*p + 1973293 = w. Is p a composite number?
True
Suppose 111*j - 11380958 = 906631. Is j prime?
False
Let b be (-8)/(-6 + 4) - 0/1. Suppose u = 4*d + 21431, 3*u + b*d - 16662 = 47567. Is u a composite number?
True
Let i = -91 + 72. Let y be 3 + -2 - 90 - 1. Let b = i - y. Is b composite?
False
Suppose 7*a - 28480 - 100530 = 0. Let w = a - 7976. Is w a prime number?
False
Suppose 18*a - 2598 = 12*a. Suppose -j + 707 = -a. Suppose 4*y = -q + 779, -y + 346 = -q + j. Is q a prime number?
False
Is (90549/(-3))/(-6 - (-3)/(-6)*-6) a composite number?
False
Is 0/(-11) - 7/(-14)*3188 prime?
False
Let u(o) = 1 + 0 + 46*o - 4. Suppose -99*w + 98*w - 8 = -5*v, v = w. Is u(v) a composite number?
False
Suppose r = 10*r - 36. Suppose -3451 = -11*h + r*h. Is h composite?
True
Let p(v) = 4*v - 24. Let r be p(10). Let b be (r/(-24))/((-4)/18). Suppose 2*u + 2*d - 1632 - 502 = 0, 2*u + b*d = 2132. Is u composite?
False
Let v(k) = 33*k - 6*k - 5 - 6 + 0*k + 59*k. Let g be 6/2*14/6. Is v(g) a prime number?
False
Suppose -4*i - 2*b = -209380, -b + 695 = 691. Is i a prime number?
False
Suppose 159113 = l - 4*o - 260868, -5*l - 5*o = -2099905. Is l composite?
True
Let o = 227 - 145. Suppose 88 = 2*w + o. Is 46*(261/6)/w composite?
True
Let r(d) = -2*d**2 + 31*d + 51. Let g be r(16). Is (-6)/((-120)/g)*1828 prime?
False
Let l = -23603 + 137754. Is l prime?
False
Is ((-9)/15)/(78/845)*-1082 prime?
False
Let r be (-44)/66*(-1 + -412 + -1). Is -1*((5 - r) + 2) prime?
True
Suppose -5*l = -f + 4, -l - f = -4*l - 4. Suppose l = 3*s + 2*s - k - 4199, -1674 = -2*s - k. Is s a composite number?
False
Let g be (6/9)/((-4)/6). Let b(t) = -3*t**3 + t**2 - 2*t - 2. Let i be b(g). Suppose 0 = -p + 4*p + 4*q - 535, -p = i*q - 181. Is p composite?
True
Suppose -45*c = 151*c - 31019156. Is c composite?
False
Let y = 52648 - 28405. Is y a composite number?
True
Let f(z) = z**3 + 8*z**2 + 3*z - 5. Let x be f(-6). Let y = 56 - x. Is (-7)/(-49) + 4416/y a prime number?
True
Suppose -13*q + 6 = -16*q. Let r be (q/(-3))/((-3)/(-9)). Suppose -3175 = -r*u - 3*u. Is u a prime number?
False
Suppose 4*c + 5*k = 2*k + 290059, 145002 = 2*c - 4*k. Is c prime?
False
Let d be 4/(-3 + 910/304). Is (1 - d)*(40/12 + -3) prime?
False
Suppose -3*k - 2*q = -276721, -3*k - 3*q + 68908 = -207818. Is k composite?
False
Suppose -3*j + 3 = 3*h, 3*j - 4*h - 13 = -9*h. Is ((-60)/12 + 3)*1982/j a composite number?
False
Is (-12)/(-1296)*18 + 7639354/12 prime?
True
Is -2*(-6)/(-8)*((-1015808)/12 + 10) prime?
True
Suppose 8 = 7*y - 20. Suppose 8659 = y*o - 26889. Is o prime?
True
Let p(j) = -108 + 107 + 4443*j**3 + 329*j**3 + 1272*j**3 - 2*j**2. Is p(1) composite?
True
Let w(v) be the third derivative of -11*v**2 + 238/15*v**5 - 1/24*v**4 + 0*v + 0 + 0*v**3. Is w(-1) a prime number?
True
Let f(o) = 185*o**3 - 33*o**2 + 138*o + 303. Is f(19) prime?
True
Let a(k) = -k**3 + 26*k**2 + 71*k + 1039. Is a(-35) prime?
False
Let p(l) = 6874*l + 43. Let y be (-2 + 7)*1 + -6 + 3. Is p(y) prime?
False
Let r(j) be the third derivative of -j**6/60 + j**5/15 + 3*j**3/2 - 8*j**2. Let g be r(7). Let y = 704 + g. Is y composite?
False
Suppose 2*r - 3*u + 7*u = -4590, 10 = 2*u. Let l = 5334 - r. Is l a composite number?
False
Suppose -5*u + 683876 = 3*n, 53*u - 49*u - 28 = 0. Is n composite?
False
Let l(k) = 2*k**3 - 5*k**2 + k - 10. Let i be l(4). Suppose -15*d = -8*d - i. Is d/6*(-331)/(-1) a composite number?
False
Is (-21 - -500)*254/2 a prime number?
False
Suppose -2*n = -14*n + 5*n. Suppose m = 4*t + 4605, n*m - 5*m = 2*t - 23047. Is m a composite number?
True
Let j(t) = 8*t**2 + t - 22. Let h = 5 + 3. Let w be j(h). Is (w/2)/(1 + 0) a prime number?
False
Suppose -2*d = -5*t + 13 + 19, 5*t - 27 = -3*d. Is 75848/16 + t/4 + 0 composite?
True
Suppose -66*i = -4*y - 67*i + 210109, 4*y - 210151 = 5*i. Is y composite?
False
Suppose 0 = -32*l + 30*l + 2954. Is l composite?
True
Suppose 0*i = i, -3*u + 2*i = -59274. Suppose -49*j + 55*j - u = 0. Is j a prime number?
False
Let k(l) be the third derivative of l**6/120 - l**5/6 + l**4/3 + 8*l**3 + 66*l**2. Is k(13) prime?
True
Suppose h - 5*n = -h + 4, 2*n + 6 = 3*h. Is (11 + -13)*((-6115)/h + 1) prime?
True
Let z be 8 + -4 - (2 + -27). Suppose z - 8 = 3*h. Suppose 0 = -4*t - 2*p + 314, -t = -h*p + 3*p - 65. Is t a prime number?
False
Let l(u) = 2*u**3 - 29*u**2 + 33*u - 311. Is l(33) a composite number?
True
Let j(d) = -4084*d + 2801. Is j(-74) a composite number?
False
Let x(c) = -c**2 + 5*c - 5. Let z be x(2). Let y be (z - -2)*(18 - 17). Suppose -y*n + 635 = -2*n. Is n composite?
True
Let z = 64 - 61. Suppose s - z = 2*a, a - 3*a = 5*s - 15. Suppose 96 = -5*x - s*g + 1522, -g = 4*x - 1145. Is x composite?
True
Let i = 182 - 387. Suppose 2 = -2*d, -d - 23 = 2*l + 6. Let q = l - i. Is q prime?
True
Let n(k) = -2*k + 2. Let t(y) = -1. Let s(a) = -n(a) - 4*t(a). Let q be s(-2). Is 0 - 3 - (-424 - (q - 0)) a prime number?
True
Let w(i) be the third derivative of 113*i**4/24 - 5*i**3/3 + i**2 + 25*i. Is w(3) a prime number?
False
Let p(j) = j**2 + 6*j + 7. Suppose -4*l + 11*l + 35 = 0. Let w be p(l). Is (w + -6 - 1545/9)*-3 composite?
True
Let j be 597*10/(-150) - (-1)/(-5). Let w = j + 174. Is w composite?
True
Let c(z) = 70*z**3 - 4*z**2 - 4*z + 6. Let f(k) = 70*k**3 - 4*k**2 - 4*k + 5. Let p(r) = -6*c(r) + 5*f(r). Is p(-5) a prime number?
True
Let v(a) = -31079*a - 2635. Is v(-36) a composite number?
False
Let o = 18161 + 116448. Is o composite?
False
Suppose 4*m - 11272 = 23516 + 57848. Is m prime?
True
Suppose 18*l = -3*l + 26*l - 212455. Is l prime?
True
Let s be (0/3)/(6/6 - -1). Let l(w) = 8*w + 641. Is l(s) a composite number?
False
Suppose 20595 = 7*q - 45646. Is q composite?
False
Suppose 4*h = 2*f + 554754, 0 = 2*h + 5*f - 151554 - 125805. Is h a composite number?
True
Let j be (-8)/10*(173308/8 + -1). Let i = -10131 - j. Is i prime?
False
Suppose 0 = -4*f + 106 - 14. Let t = 28 - f. Suppose t*y - 623 = -2*y. Is y prime?
True
Let q(h) = -2526*h**3 - 4. Let f be q(-2). Suppose -116*d + 120*d = f. Is d prime?
True
Suppose z = -8*z + 18. Let r(w) = 10*w**2 - z*w + 12 - 4*w - w**2 - 28. Is r(-3) a composite number?
False
Is (14508331/(-115))/((-8)/40) a prime number?
True
Suppose 1 - 7 = -2*b. Suppose 36610 = 5*z - n, 0 = b*z - 5*z + 3*n + 14657. Is z composite?
False
Let y(m) = -871*m + 203. Is y(-56) a composite number?
True
Is (-21)/(2 - -1) - ((-174003 - 9) + -12) composite?
False
Let v = -543 - -11857. Let c = 18887 - v. Is c prime?
True
Let h(g) = -1520*g**3 - 20*g**2 + 44*g + 263. Is h(-6) prime?
True
Suppose 4330 + 13742 = 12*l. Suppose -10 = -4*t + 2*t. Suppose t*i - n - 4731 = l, 0 = n + 2. Is i a prime number?
False
Let i be 1182/8 + (-3)/(-12). Suppose -60*q + 255 = 25*q. Is 1*-1*q/((-12)/i) prime?
True
Let h(p) = p**3 - p + 1. Let j(y) = 17*y**3 + 7*y**2 - 13*y - 47. Let x(g) = 3*h(g) + j(g). Let o be x(26). Is (o/(-56))/(-1) - (-3)/(-7) prime?
True
Suppose 132*v - 65*